[INFO] cloning repository https://github.com/bcooper94/my-rust-os
[INFO] running `Command { std: "git" "-c" "credential.helper=" "-c" "credential.helper=/workspace/cargo-home/bin/git-credential-null" "clone" "--bare" "https://github.com/bcooper94/my-rust-os" "/workspace/cache/git-repos/https%3A%2F%2Fgithub.com%2Fbcooper94%2Fmy-rust-os", kill_on_drop: false }`
[INFO] [stderr] Cloning into bare repository '/workspace/cache/git-repos/https%3A%2F%2Fgithub.com%2Fbcooper94%2Fmy-rust-os'...
[INFO] running `Command { std: "git" "rev-parse" "HEAD", kill_on_drop: false }`
[INFO] [stdout] 66ebd0710c1430a3aa5669af5b9b3b982049a7f5
[INFO] checking bcooper94/my-rust-os against master#cfbc6d4cf1acbac5c025acf8ed68929caa551df3 for pr-75494-beta
[INFO] running `Command { std: "git" "clone" "/workspace/cache/git-repos/https%3A%2F%2Fgithub.com%2Fbcooper94%2Fmy-rust-os" "/workspace/builds/worker-5/source", kill_on_drop: false }`
[INFO] [stderr] Cloning into '/workspace/builds/worker-5/source'...
[INFO] [stderr] done.
[INFO] validating manifest of git repo https://github.com/bcooper94/my-rust-os on toolchain cfbc6d4cf1acbac5c025acf8ed68929caa551df3
[INFO] running `Command { std: "/workspace/cargo-home/bin/cargo" "+cfbc6d4cf1acbac5c025acf8ed68929caa551df3" "read-manifest" "--manifest-path" "Cargo.toml", kill_on_drop: false }`
[INFO] started tweaking git repo https://github.com/bcooper94/my-rust-os
[INFO] removed 0 missing tests
[INFO] finished tweaking git repo https://github.com/bcooper94/my-rust-os
[INFO] tweaked toml for git repo https://github.com/bcooper94/my-rust-os written to /workspace/builds/worker-5/source/Cargo.toml
[INFO] crate git repo https://github.com/bcooper94/my-rust-os already has a lockfile, it will not be regenerated
[INFO] running `Command { std: "/workspace/cargo-home/bin/cargo" "+cfbc6d4cf1acbac5c025acf8ed68929caa551df3" "fetch" "--locked" "--manifest-path" "Cargo.toml", kill_on_drop: false }`
[INFO] [stderr]  Downloading crates ...
[INFO] [stderr]   Downloaded pic8259_simple v0.2.0
[INFO] [stderr]   Downloaded bootloader v0.9.8
[INFO] [stderr]   Downloaded cpuio v0.3.0
[INFO] [stderr]   Downloaded pc-keyboard v0.5.1
[INFO] [stderr]   Downloaded bit_field v0.9.0
[INFO] [stderr]   Downloaded x86_64 v0.11.1
[INFO] [stderr]   Downloaded volatile v0.2.6
[INFO] [stderr]   Downloaded uart_16550 v0.2.7
[INFO] running `Command { std: "docker" "create" "-v" "/var/lib/crater-agent-workspace/builds/worker-5/target:/opt/rustwide/target:rw,Z" "-v" "/var/lib/crater-agent-workspace/builds/worker-5/source:/opt/rustwide/workdir:ro,Z" "-v" "/var/lib/crater-agent-workspace/cargo-home:/opt/rustwide/cargo-home:ro,Z" "-v" "/var/lib/crater-agent-workspace/rustup-home:/opt/rustwide/rustup-home:ro,Z" "-e" "SOURCE_DIR=/opt/rustwide/workdir" "-e" "CARGO_TARGET_DIR=/opt/rustwide/target" "-e" "CARGO_HOME=/opt/rustwide/cargo-home" "-e" "RUSTUP_HOME=/opt/rustwide/rustup-home" "-w" "/opt/rustwide/workdir" "-m" "1610612736" "--user" "0:0" "--network" "none" "rustops/crates-build-env@sha256:a636fd89d022f18117e1dc8fb37a0a009933cdbbe082814857f0e2024962d47c" "/opt/rustwide/cargo-home/bin/cargo" "+cfbc6d4cf1acbac5c025acf8ed68929caa551df3" "metadata" "--no-deps" "--format-version=1", kill_on_drop: false }`
[INFO] [stdout] 7e93fd0179e4624399020a65812556f82741eb501ef521488e83940468ed420a
[INFO] [stderr] WARNING: Your kernel does not support swap limit capabilities or the cgroup is not mounted. Memory limited without swap.
[INFO] running `Command { std: "docker" "start" "-a" "7e93fd0179e4624399020a65812556f82741eb501ef521488e83940468ed420a", kill_on_drop: false }`
[INFO] running `Command { std: "docker" "inspect" "7e93fd0179e4624399020a65812556f82741eb501ef521488e83940468ed420a", kill_on_drop: false }`
[INFO] running `Command { std: "docker" "rm" "-f" "7e93fd0179e4624399020a65812556f82741eb501ef521488e83940468ed420a", kill_on_drop: false }`
[INFO] [stdout] 7e93fd0179e4624399020a65812556f82741eb501ef521488e83940468ed420a
[INFO] running `Command { std: "docker" "create" "-v" "/var/lib/crater-agent-workspace/builds/worker-5/target:/opt/rustwide/target:rw,Z" "-v" "/var/lib/crater-agent-workspace/builds/worker-5/source:/opt/rustwide/workdir:ro,Z" "-v" "/var/lib/crater-agent-workspace/cargo-home:/opt/rustwide/cargo-home:ro,Z" "-v" "/var/lib/crater-agent-workspace/rustup-home:/opt/rustwide/rustup-home:ro,Z" "-e" "SOURCE_DIR=/opt/rustwide/workdir" "-e" "CARGO_TARGET_DIR=/opt/rustwide/target" "-e" "CARGO_INCREMENTAL=0" "-e" "RUST_BACKTRACE=full" "-e" "RUSTFLAGS=--cap-lints=forbid" "-e" "CARGO_HOME=/opt/rustwide/cargo-home" "-e" "RUSTUP_HOME=/opt/rustwide/rustup-home" "-w" "/opt/rustwide/workdir" "-m" "1610612736" "--user" "0:0" "--network" "none" "rustops/crates-build-env@sha256:a636fd89d022f18117e1dc8fb37a0a009933cdbbe082814857f0e2024962d47c" "/opt/rustwide/cargo-home/bin/cargo" "+cfbc6d4cf1acbac5c025acf8ed68929caa551df3" "check" "--frozen" "--all" "--all-targets" "--message-format=json", kill_on_drop: false }`
[INFO] [stdout] 7a2c170991a3aaf4109bcb05adcf364b64a5337755f933382bcca1c7926d6c33
[INFO] [stderr] WARNING: Your kernel does not support swap limit capabilities or the cgroup is not mounted. Memory limited without swap.
[INFO] running `Command { std: "docker" "start" "-a" "7a2c170991a3aaf4109bcb05adcf364b64a5337755f933382bcca1c7926d6c33", kill_on_drop: false }`
[INFO] [stderr]     Blocking waiting for file lock on package cache
[INFO] [stderr]    Compiling bitflags v1.2.1
[INFO] [stderr]    Compiling bootloader v0.9.8
[INFO] [stderr]     Checking bit_field v0.9.0
[INFO] [stderr]     Checking cpuio v0.3.0
[INFO] [stderr]     Checking spin v0.5.2
[INFO] [stderr]     Checking pc-keyboard v0.5.1
[INFO] [stderr]     Checking bit_field v0.10.0
[INFO] [stderr]     Checking rlibc v1.0.0
[INFO] [stderr]     Checking volatile v0.2.6
[INFO] [stderr]    Compiling x86_64 v0.11.1
[INFO] [stdout] error[E0463]: can't find crate for `core`
[INFO] [stdout]   |
[INFO] [stdout]   = note: the `x86_64-my-rust-os-5033655060984580419` target may not be installed
[INFO] [stdout] 
[INFO] [stdout] 
[INFO] [stdout] error[E0463]: can't find crate for `core`
[INFO] [stdout]   |
[INFO] [stdout]   = note: the `x86_64-my-rust-os-5033655060984580419` target may not be installed
[INFO] [stdout] 
[INFO] [stdout] 
[INFO] [stdout] error: aborting due to previous error
[INFO] [stdout] 
[INFO] [stdout] 
[INFO] [stdout] For more information about this error, try `rustc --explain E0463`.
[INFO] [stdout] 
[INFO] [stdout] error: aborting due to previous error
[INFO] [stdout] 
[INFO] [stdout] 
[INFO] [stdout] For more information about this error, try `rustc --explain E0463`.
[INFO] [stdout] 
[INFO] [stdout] error[E0463]: can't find crate for `core`
[INFO] [stdout]   |
[INFO] [stdout]   = note: the `x86_64-my-rust-os-5033655060984580419` target may not be installed
[INFO] [stdout] 
[INFO] [stdout] 
[INFO] [stdout] error: aborting due to previous error
[INFO] [stdout] 
[INFO] [stdout] 
[INFO] [stdout] For more information about this error, try `rustc --explain E0463`.
[INFO] [stdout] 
[INFO] [stdout] error[E0463]: can't find crate for `core`
[INFO] [stdout]   |
[INFO] [stdout]   = note: the `x86_64-my-rust-os-5033655060984580419` target may not be installed
[INFO] [stdout] 
[INFO] [stdout] 
[INFO] [stdout] error: aborting due to previous error
[INFO] [stdout] 
[INFO] [stdout] 
[INFO] [stdout] For more information about this error, try `rustc --explain E0463`.
[INFO] [stdout] 
[INFO] [stderr] error: could not compile `bit_field`.
[INFO] [stderr] 
[INFO] [stderr] To learn more, run the command again with --verbose.
[INFO] [stderr] warning: build failed, waiting for other jobs to finish...
[INFO] [stdout] error[E0463]: can't find crate for `core`
[INFO] [stdout]   |
[INFO] [stdout]   = note: the `x86_64-my-rust-os-5033655060984580419` target may not be installed
[INFO] [stdout] 
[INFO] [stdout] 
[INFO] [stdout] error: aborting due to previous error
[INFO] [stdout] 
[INFO] [stdout] 
[INFO] [stdout] For more information about this error, try `rustc --explain E0463`.
[INFO] [stdout] 
[INFO] [stdout] error[E0463]: can't find crate for `core`
[INFO] [stdout]   |
[INFO] [stdout]   = note: the `x86_64-my-rust-os-5033655060984580419` target may not be installed
[INFO] [stdout] 
[INFO] [stdout] 
[INFO] [stdout] error: aborting due to previous error
[INFO] [stdout] 
[INFO] [stdout] 
[INFO] [stdout] For more information about this error, try `rustc --explain E0463`.
[INFO] [stdout] 
[INFO] [stdout] error[E0463]: can't find crate for `core`
[INFO] [stdout]   |
[INFO] [stdout]   = note: the `x86_64-my-rust-os-5033655060984580419` target may not be installed
[INFO] [stdout] 
[INFO] [stdout] 
[INFO] [stdout] error: aborting due to previous error
[INFO] [stdout] 
[INFO] [stdout] 
[INFO] [stdout] For more information about this error, try `rustc --explain E0463`.
[INFO] [stdout] 
[INFO] [stderr] error: build failed
[INFO] running `Command { std: "docker" "inspect" "7a2c170991a3aaf4109bcb05adcf364b64a5337755f933382bcca1c7926d6c33", kill_on_drop: false }`
[INFO] running `Command { std: "docker" "rm" "-f" "7a2c170991a3aaf4109bcb05adcf364b64a5337755f933382bcca1c7926d6c33", kill_on_drop: false }`
[INFO] [stdout] 7a2c170991a3aaf4109bcb05adcf364b64a5337755f933382bcca1c7926d6c33
